{"id":1240,"date":"2020-08-10T15:12:00","date_gmt":"2020-08-10T13:12:00","guid":{"rendered":"http:\/\/jcmaisse.fr\/?page_id=1240"},"modified":"2020-08-10T15:15:29","modified_gmt":"2020-08-10T13:15:29","slug":"2019-2020","status":"publish","type":"page","link":"https:\/\/jcmaisse.fr\/index.php\/archives\/2019-2020\/","title":{"rendered":"2019\/2020"},"content":{"rendered":"\n<p>Suite \u00e0 l&rsquo;annonce de la fermeture de l&rsquo;ensemble des \u00e9coles sur le territoire Fran\u00e7ais\u00a0d\u00e8s lundi et pour pr\u00e9venir tous risques de contagion\u00a0 aupr\u00e8s de nos judokas, l&rsquo;ensemble des cours sont annul\u00e9s d\u00e8s lundi 16 Mars 2020 ainsi que le stage de judo 06 au 10 Avril 2020.<br data-rich-text-line-break=\"true\" \/><br data-rich-text-line-break=\"true\" \/>Pour information la CC2V fermera l&rsquo;ensemble de ses \u00e9quipements sportif d\u00e8s lundi 16 Mars.<br data-rich-text-line-break=\"true\" \/><br data-rich-text-line-break=\"true\" \/>Nous\u00a0vous tiendrons inform\u00e9 par mail et\u00a0sur notre site de la reprise des cours.<br data-rich-text-line-break=\"true\" \/><br data-rich-text-line-break=\"true\" \/>Cordialement<br data-rich-text-line-break=\"true\" \/>Le bureau du JCM<\/p>\n","protected":false},"excerpt":{"rendered":"<p>Suite \u00e0 l&rsquo;annonce de la fermeture de l&rsquo;ensemble des \u00e9coles sur le territoire Fran\u00e7ais\u00a0d\u00e8s lundi et pour pr\u00e9venir tous risques de contagion\u00a0 aupr\u00e8s de nos judokas, l&rsquo;ensemble des cours sont <a class=\"more-link\" href=\"https:\/\/jcmaisse.fr\/index.php\/archives\/2019-2020\/\">Lire la suite \u2192<\/a><\/p>\n","protected":false},"author":1,"featured_media":0,"parent":480,"menu_order":0,"comment_status":"closed","ping_status":"closed","template":"","meta":{"ngg_post_thumbnail":0,"jetpack_post_was_ever_published":false,"footnotes":""},"class_list":["post-1240","page","type-page","status-publish","hentry"],"jetpack_sharing_enabled":true,"jetpack_shortlink":"https:\/\/wp.me\/P9pUva-k0","jetpack_likes_enabled":true,"jetpack-related-posts":[],"_links":{"self":[{"href":"https:\/\/jcmaisse.fr\/index.php\/wp-json\/wp\/v2\/pages\/1240","targetHints":{"allow":["GET"]}}],"collection":[{"href":"https:\/\/jcmaisse.fr\/index.php\/wp-json\/wp\/v2\/pages"}],"about":[{"href":"https:\/\/jcmaisse.fr\/index.php\/wp-json\/wp\/v2\/types\/page"}],"author":[{"embeddable":true,"href":"https:\/\/jcmaisse.fr\/index.php\/wp-json\/wp\/v2\/users\/1"}],"replies":[{"embeddable":true,"href":"https:\/\/jcmaisse.fr\/index.php\/wp-json\/wp\/v2\/comments?post=1240"}],"version-history":[{"count":2,"href":"https:\/\/jcmaisse.fr\/index.php\/wp-json\/wp\/v2\/pages\/1240\/revisions"}],"predecessor-version":[{"id":1246,"href":"https:\/\/jcmaisse.fr\/index.php\/wp-json\/wp\/v2\/pages\/1240\/revisions\/1246"}],"up":[{"embeddable":true,"href":"https:\/\/jcmaisse.fr\/index.php\/wp-json\/wp\/v2\/pages\/480"}],"wp:attachment":[{"href":"https:\/\/jcmaisse.fr\/index.php\/wp-json\/wp\/v2\/media?parent=1240"}],"curies":[{"name":"wp","href":"https:\/\/api.w.org\/{rel}","templated":true}]}}

<p>Suite à l&rsquo;annonce de la fermeture de l&rsquo;ensemble des écoles sur le territoire Français dès lundi et pour prévenir tous risques de contagion  auprès de nos judokas, l&rsquo;ensemble des cours sont annulés dès lundi 16 Mars 2020 ainsi que le stage de judo 06 au 10 Avril 2020.<br data-rich-text-line-break="true" /><br data-rich-text-line-break="true" />Pour information la CC2V fermera l&rsquo;ensemble de ses équipements sportif dès lundi 16 Mars.<br data-rich-text-line-break="true" /><br data-rich-text-line-break="true" />Nous vous tiendrons informé par mail et sur notre site de la reprise des cours.<br data-rich-text-line-break="true" /><br data-rich-text-line-break="true" />Cordialement<br data-rich-text-line-break="true" />Le bureau du JCM</p>

<p>Suite à l&rsquo;annonce de la fermeture de l&rsquo;ensemble des écoles sur le territoire Français dès lundi et pour prévenir tous risques de contagion  auprès de nos judokas, l&rsquo;ensemble des cours sont <a class="more-link" href="https://jcmaisse.fr/index.php/archives/2019-2020/">Lire la suite →</a></p>
