{"id":578,"date":"2018-10-05T17:31:53","date_gmt":"2018-10-05T15:31:53","guid":{"rendered":"http:\/\/jcmaisse.fr\/?page_id=578"},"modified":"2025-11-16T14:41:14","modified_gmt":"2025-11-16T13:41:14","slug":"calendrier","status":"publish","type":"page","link":"https:\/\/jcmaisse.fr\/index.php\/calendrier\/","title":{"rendered":"Calendrier 2025 &#8211; 2026"},"content":{"rendered":"<table style=\"width: 100%; height: 145px;\">\n<tbody>\n<tr style=\"height: 33px;\">\n<td style=\"height: 33px; text-align: center;\">Calendrier des comp\u00e9titions 2025 &#8211; 2026<\/td>\n<td style=\"height: 33px;\"><a href=\"https:\/\/jcmaisse.fr\/wp-content\/uploads\/2025\/11\/Competitions-CALENDRIER-25-26-09-10-25.pdf\">Comp\u00e9titions-CALENDRIER-25-26-09-10-25<\/a><\/td>\n<\/tr>\n<tr style=\"height: 10px;\">\n<td style=\"height: 10px; text-align: center;\">Horaires comp\u00e9tition IDF saison 2025 &#8211; 2026<\/td>\n<td style=\"height: 10px;\"><a href=\"https:\/\/jcmaisse.fr\/wp-content\/uploads\/2025\/11\/Competitions-CALENDRIER-25-26-09-10-25.pdf\">Comp\u00e9titions-CALENDRIER-25-26-09-10-25<\/a><\/td>\n<\/tr>\n<tr style=\"height: 41px;\">\n<td style=\"height: 41px; text-align: center;\">Calendrier des stages<\/td>\n<td style=\"height: 41px;\"><a href=\"https:\/\/jcmaisse.fr\/wp-content\/uploads\/2025\/11\/Formations-Stages-CALENDRIER-25-26-09-10-25.pdf\">Formations-Stages-CALENDRIER-25-26-09-10-25<\/a><\/td>\n<\/tr>\n<tr style=\"height: 41px;\">\n<td style=\"height: 41px; text-align: center;\">Calendrier des Open de gardes et Kata<\/td>\n<td style=\"height: 41px;\"><a href=\"https:\/\/jcmaisse.fr\/wp-content\/uploads\/2025\/11\/Programmes-techniques-1er-2eme-et-3eme-dan.pdf\">Programmes-techniques-1er-2\u00e8me-et-3\u00e8me-dan<\/a><\/td>\n<\/tr>\n<tr style=\"height: 20px;\">\n<td style=\"height: 20px; text-align: center;\">Cat\u00e9gories d&rsquo;age et de poids\u00a0\u00a0\u00a0\u00a0\u00a0\u00a0 2025 &#8211; 2026<\/td>\n<td style=\"height: 20px;\"><a href=\"https:\/\/jcmaisse.fr\/wp-content\/uploads\/2025\/10\/CATEGORIES-AGE-POIDS-2025-2026.pdf\">CATEGORIES-AGE-POIDS-2025-2026<\/a><\/td>\n<\/tr>\n<\/tbody>\n<\/table>\n","protected":false},"excerpt":{"rendered":"<p>Calendrier des comp\u00e9titions 2025 &#8211; 2026 Comp\u00e9titions-CALENDRIER-25-26-09-10-25 Horaires comp\u00e9tition IDF saison 2025 &#8211; 2026 Comp\u00e9titions-CALENDRIER-25-26-09-10-25 Calendrier des stages Formations-Stages-CALENDRIER-25-26-09-10-25 Calendrier des Open de gardes et Kata Programmes-techniques-1er-2\u00e8me-et-3\u00e8me-dan Cat\u00e9gories d&rsquo;age et <a class=\"more-link\" href=\"https:\/\/jcmaisse.fr\/index.php\/calendrier\/\">Lire la suite \u2192<\/a><\/p>\n","protected":false},"author":1,"featured_media":0,"parent":0,"menu_order":0,"comment_status":"closed","ping_status":"closed","template":"","meta":{"ngg_post_thumbnail":0,"jetpack_post_was_ever_published":false,"footnotes":""},"class_list":["post-578","page","type-page","status-publish","hentry"],"jetpack_sharing_enabled":true,"jetpack_shortlink":"https:\/\/wp.me\/P9pUva-9k","jetpack_likes_enabled":true,"jetpack-related-posts":[],"_links":{"self":[{"href":"https:\/\/jcmaisse.fr\/index.php\/wp-json\/wp\/v2\/pages\/578","targetHints":{"allow":["GET"]}}],"collection":[{"href":"https:\/\/jcmaisse.fr\/index.php\/wp-json\/wp\/v2\/pages"}],"about":[{"href":"https:\/\/jcmaisse.fr\/index.php\/wp-json\/wp\/v2\/types\/page"}],"author":[{"embeddable":true,"href":"https:\/\/jcmaisse.fr\/index.php\/wp-json\/wp\/v2\/users\/1"}],"replies":[{"embeddable":true,"href":"https:\/\/jcmaisse.fr\/index.php\/wp-json\/wp\/v2\/comments?post=578"}],"version-history":[{"count":26,"href":"https:\/\/jcmaisse.fr\/index.php\/wp-json\/wp\/v2\/pages\/578\/revisions"}],"predecessor-version":[{"id":2990,"href":"https:\/\/jcmaisse.fr\/index.php\/wp-json\/wp\/v2\/pages\/578\/revisions\/2990"}],"wp:attachment":[{"href":"https:\/\/jcmaisse.fr\/index.php\/wp-json\/wp\/v2\/media?parent=578"}],"curies":[{"name":"wp","href":"https:\/\/api.w.org\/{rel}","templated":true}]}}